99)/(-77))/(-9).
1
Suppose -4*b - 5*j + 92 = -11, -j = 3*b - 91. Suppose 84*n = 53*n + 2883. What is the remainder when n is divided by b?
29
Let s(b) = -3*b - 4*b - 7 + 17*b - b**2. Suppose 0 = 6*z - 11*z + 2*v + 239, -4*z - 4*v = -180. Calculate the remainder when z is divided by s(5).
11
Let c be (-2)/(-2) + 2 + 0. What is the remainder when ((-4)/18)/(38/(-57))*102 is divided by -4 - (c*-6 - 4)?
16
Let v(q) = 7*q + 10 - 7*q + q + q. Let x be v(-4). What is the remainder when 34 is divided by ((-22)/3)/(x/(-6)) - 3?
15
Let i(q) = q - 21. Let z be i(9). Let c be 2/z + (-1905)/(-90). Let p = -15 + c. Calculate the remainder when 23 is divided by p.
5
Suppose -84 = -2*a - 12*a. Suppose 5*t + 22 = m, -m - 6 = -t + 3*t. Suppose 5*h = -4*n + 28, 0 = 3*h + m*h - 20. What is the remainder when a is divided by n?
0
Suppose 3*x = 6*v + 48, 0 = 21*x - 17*x + 4*v - 76. Suppose -g = -3*g. Suppose g*t - 140 = -5*t. What is the remainder when t is divided by x?
10
Suppose -646 = -4*c - 17*a + 14*a, -5*a + 800 = 5*c. Calculate the remainder when c is divided by 23.
5
Suppose 5*u - 133 = 3*y + 2329, 4*u + 2*y - 1974 = 0. Calculate the remainder when u is divided by 100.
93
Let h(k) = 3*k**3 + 2*k**2. Let v be h(2). Let b = v + 59. Calculate the remainder when b is divided by 19.
15
Suppose -13*b + 9582 + 8007 = 0. What is the remainder when b is divided by 266?
23
Suppose 2*c = 3 + 3. Suppose b - y = 23, -c*b + 3*y + 123 = 2*b. Calculate the remainder when b is divided by 2 - -5 - (-42 - -34).
12
Suppose -11 + 16 = b, 3*x - 325 = -2*b. Suppose -3*r + j + 47 = -20, -47 = -2*r + 3*j. What is the remainder when x is divided by r?
17
Let w(v) = -2*v**3 - 9*v**2 - 35*v - 151. What is the remainder when 2560 is divided by w(-5)?
12
Suppose -1200 + 1635 + 2090 = 25*i. Let n(q) = 18*q**2 - 6 + 6. What is the remainder when i is divided by n(-1)?
11
Let h(q) = q**2 + 10*q + 26. Suppose -4*c + 18 - 6 = 0. Calculate the remainder when h(-11) is divided by (-12)/9*c + 14.
7
Suppose 0 = -24*s + 292 + 68. Let f be (-1)/2 + 69/6. Let x = f + -8. What is the remainder when s is divided by x?
0
Let u(v) = -v + 29. Let m be u(13). Let q = m + 2. Calculate the remainder when 134 is divided by (-120)/q*3*18/(-8).
44
Suppose -5*p + 12 = -3*p. Suppose -60*n = -2480 - 3400. Calculate the remainder when n is divided by p.
2
Suppose -2*k + 2*k = 63*k - 4914. What is the remainder when 626 is divided by k?
2
What is the remainder when ((-84)/60)/(4/(-2980)) is divided by 5?
3
Suppose 783 = 2*a + 3*v - 795, -2*a + 1578 = -v. Calculate the remainder when a is divided by 33.
30
Suppose 386*x - 9765 = 351*x. Calculate the remainder when x is divided by 79.
42
Let t = -6375 - -6398. Calculate the remainder when 3178 is divided by t.
4
Let i(r) = 14*r + 5. Let p(g) be the first derivative of g**2 - 13*g + 44. Calculate the remainder when i(4) is divided by p(17).
19
Let z be (-4 - (-198)/54)/((-1)/9). Let g(d) be the third derivative of -d**4/24 + 5*d**3/3 - d**2. What is the remainder when 11 is divided by g(z)?
4
What is the remainder when 670 is divided by 1512/81*((-12)/(-8) + 0)?
26
Let j be 3/(-2 + 5)*-39. Let f = -27 - j. Let r(u) = 12*u**2 + 39*u - 39. Calculate the remainder when r(-5) is divided by f.
6
Let x(f) = 63*f - 20. Let d be x(10). Let g = 644 - d. What is the remainder when 474 is divided by g?
32
Calculate the remainder when 170 + ((-2)/4 - (-42)/(-12)) is divided by -2 + ((-576)/(-22) - 8/44).
22
Let s(w) = w**3 - 42*w**2 + 110*w + 282. Let t = 43 + -5. Suppose i = 3*k + 74, -2*i + t + 75 = k. What is the remainder when i is divided by s(39)?
5
Let n = 3047 + -2969. What is the remainder when 473 is divided by n?
5
Let i(w) = 3*w**3 + 105*w**2 - 117*w - 182. What is the remainder when 7523 is divided by i(-36)?
139
Let t(c) = -355 + 794 - 338 - 39*c - 70*c. What is the remainder when t(-4) is divided by 108?
105
Let g(z) = 110*z**2 - 51*z - 16. Calculate the remainder when g(3) is divided by 273.
2
Let o = -276 + 798. Let z = 572 - o. Calculate the remainder when 95 is divided by z.
45
Let n(c) = -2*c**2 - 30*c - 30. Let h be n(-13). Calculate the remainder when 32 is divided by (-4 + h)*5/15.
2
Suppose 8*o - 2430 = -10*o. Let t be 18/o - 1/(30/(-3956)). Let p = t + -130. Calculate the remainder when 7 is divided by p.
1
Suppose 2*r = 99 + 1. Suppose 0 = 10*p + 83 - 213. What is the remainder when r is divided by p?
11
Let a(l) = 3*l**3 - 53*l**2 - 26*l + 214. Calculate the remainder when 340 is divided by a(18).
60
Suppose 1 = -5*a - 4. Let t = 11 + a. Calculate the remainder when (0 - -20) + (-73)/(73/(-19)) is divided by t.
9
Calculate the remainder when (-11 + 4)/(((-18)/45)/((-84)/(-10))) is divided by 106.
41
Let o = 1172 - 478. Suppose -967*k = -1039*k + 6264. What is the remainder when o is divided by k?
85
Suppose 4*r = -5*o + 28, 5*r = 4*o + 5 - 11. Suppose r*l = 3*l + 23. Let t = 2 - l. What is the remainder when t is divided by 14?
11
Let k(v) = v + 1 + v + 2*v**2 - v. Let x = -6418 - -6430. What is the remainder when k(-5) is divided by x?
10
What is the remainder when 188 is divided by -1 + 486/4 - ((-667)/46)/(-29)?
68
Let u(p) = p**2 + 9*p + 22. What is the remainder when 187 is divided by u(-6)?
3
Let h(f) = -f**3 + 7*f**2 + 6*f - 5. Let u = -93 + 167. Let s = u + -61. Calculate the remainder when h(5) is divided by s.
10
Let p be (4/(-7))/4 + (-897)/(-7). What is the remainder when p + 35 - 1*-1 is divided by 55?
54
Suppose -2627 = -12*x - 5*x + 33 - 314. What is the remainder when x is divided by -5*14*(-2)/10?
12
Let g(w) = 64*w - 977. Suppose 320 = -0*f + 5*f + 5*h, 3*f - 198 = -5*h. What is the remainder when g(19) is divided by f?
56
Suppose 2*c - 366*q = -364*q + 76, -166 = -5*c - 3*q. What is the remainder when 1202 is divided by c?
12
Calculate the remainder when 891 is divided by 4*(1131/26 + 19).
141
Let h(l) = 31*l**2 - 303*l - 14. Suppose -r = 5*a - 75, -2*a = 2*a - 4*r - 60. Calculate the remainder when h(10) is divided by a.
11
Let u = -127104 - -127235. Suppose -3*p - 23 = -80. Calculate the remainder when u is divided by p.
17
What is the remainder when 1320 is divided by 36/(-630) + 2207/35?
60
Calculate the remainder when ((-260)/(-8))/(55/22) is divided by 12*(-3 + 33/9).
5
Suppose 2*i = -0*i + 32. Suppose -2*o = 2*p - 6, -16*o = -5*p - 17*o + 27. What is the remainder when i is divided by p?
4
Let b be -9 - (3 - 9) - -7. Suppose 4*p - 456 = -b*z, -5*z - 4*p + 43 = -522. Calculate the remainder when z is divided by 17.
7
Let d be (-420)/(-75)*(-2)/(-4)*5. Suppose -662 - 402 = -d*n. Calculate the remainder when n is divided by 39.
37
Calculate the remainder when 601 is divided by 602 + (-3 - (-7 - -10)).
5
Let u = 9348 - 9150. Calculate the remainder when 605 is divided by u.
11
Calculate the remainder when 1727 is divided by (-2343)/213 + (0 - -184).
170
Suppose 857 + 1333 = 5*u. Let f = u + -296. Suppose h + j - 25 = 0, 3*h + j = -j + 79. What is the remainder when f is divided by h?
26
What is the remainder when (2011170/(-36))/(-35) + 5/(-30) is divided by 123?
120
Let o(z) be the third derivative of -11/24*z**4 + 1/6*z**3 + 1/30*z**5 + 34*z**2 + 0*z + 0. What is the remainder when 9 is divided by o(6)?
2
Suppose -5*y = -46 + 11. Suppose -2*w + 5 = -y. Let v(m) = -729*m + 134159. Calculate the remainder when v(184) is divided by w.
5
Let h(j) = -147*j**2 - 5*j - 4. Let n be h(-1). Let t = n - -178. Let c = -26 - -88. What is the remainder when c is divided by t?
30
Let c(t) = 2*t**2 + 16*t - 3*t**2 + 2 - 15. Suppose v + 65 = 274. Calculate the remainder when v is divided by c(11).
41
Let c = -25 - -32. Suppose -10*j = -1339 + 429. What is the remainder when j is divided by c?
0
Let r = 43 + -193. Let c = -53 - r. What is the remainder when c is divided by 22 + (104/(-39) - (-2)/3)?
17
Suppose 11*a - 5*a = 4*a + 48. What is the remainder when 515 is divided by a?
11
Suppose -117 = 14*g - 17*g. Let l be 1 - (-3 + 35)/(-4). Suppose -3*f + l = -51. Calculate the remainder when g is divided by f.
19
What is the remainder when (((-20)/16)/((-5)/2))/(4/12208) is divided by 505?
11
Let r(v) be the third derivative of v**5/30 - v**4/6 - 7*v**3/6 - 2*v**2 - 11*v. What is the remainder when r(4) is divided by 3?
0
Suppose 30*p - 2*p 